 = -h**3 + h**2 + h - 1. Let d(s) = -15*s**3 + 4*s**2 + 4*s - 2. Let m(l) = d(l) - 3*g(l). Give m(-1).
13
Let u be 0 - ((-3 - 6) + -1). Suppose 2*m = -4 - u. Let l(v) = 3*v + 6. What is l(m)?
-15
Let f(w) = -6*w + 31*w**2 + 8*w - 30*w**2. Let v be (-2)/7 - (-78)/(-21). Determine f(v).
8
Let r(f) be the third derivative of -f**5/60 + f**4/24 + 2*f**2. Let l be (-5)/2 - 182/(-52). Calculate r(l).
0
Let x(a) = -6*a**3 - 10*a**2 + 4*a. Let i(z) = z**3 + z**2 - z + 1. Let p(v) = 5*i(v) + x(v). Let m = 39 + -34. Suppose -m*u - 36 = -11. What is p(u)?
10
Let r(z) = z**2 + 2*z - 8. Let x(l) = -2*l**2 - 5*l + 17. Let g(c) = 5*r(c) + 2*x(c). Suppose 0 = -5*m + 7 - 7. Calculate g(m).
-6
Let x(q) = q**2 - 16. Suppose -5*r + 15 = 0, -5*l - r + 170 = -6*r. Suppose -33*a = -l*a. Calculate x(a).
-16
Let n be 15/4 + 6/24. Let c = -3 + n. Let r(b) = 2*b - 1. Let j(z) = -z + 1. Let i(l) = -4*j(l) - 5*r(l). What is i(c)?
-5
Let a(t) be the third derivative of t**4/3 - t**2. Suppose -2*y - 3*m = 12, -y = y + m + 12. Let r(c) = -c - 5. Let b be r(y). What is a(b)?
8
Let g(z) be the first derivative of z**5/20 - 7*z**4/12 + z**3 - 3*z**2 + 17*z + 14. Let j(s) be the first derivative of g(s). Give j(6).
-6
Suppose -34*r - 27 = -25*r. Let q(a) = a**3 + 4*a**2 + 4*a + 2. Determine q(r).
-1
Let j be 4 + 1*(-16 + 3). Let l(v) = v**3 + 9*v**2 - 7. Let a be l(j). Let r(i) = -i**3 - 6*i**2 + 8*i - 1. Give r(a).
-8
Let x(g) be the second derivative of 0 + 18*g + 7/6*g**3 - 1/20*g**5 - 7/12*g**4 - 3*g**2. What is x(-8)?
2
Let x(l) = -l + 0 + 0*l + 2. Let n = 52 - 50. Suppose -n*f = -4*f - 8. Calculate x(f).
6
Let j(y) = -y**3 + y + 1. Let q be (-18)/5 - (-2)/(-5). Let u(x) = -3*x**3 - 2*x**2 + 5*x + 1. Let p(s) = q*j(s) + u(s). Determine p(3).
9
Let i be 6 + (0 - -3)/(1/(-1)). Let p(v) = 3*v - 10. Calculate p(i).
-1
Let m(b) be the third derivative of b**4/12 - 5*b**3 + 61*b**2 + 5. What is m(12)?
-6
Let i(t) = -14*t**2 - 1. Let j(p) = -14*p**2 - 1. Let b(h) = 5*i(h) - 6*j(h). Calculate b(1).
15
Let c(s) = -s**3 + 9*s**2 - 8*s + 5. Let r be c(8). Let f be (r/3)/((-10)/(-12)). Let w(q) = -q**2 - 4*q + 3. Give w(f).
-9
Let c(q) = 5*q + 28. Suppose 6*l - 5*l + 12 = -5*j, 0 = 4*l + 5*j + 33. Calculate c(l).
-7
Suppose -2*o + j + 51 = -o, 0 = -3*o - 5*j + 121. Suppose -o*x + 52*x = 5. Let l(v) = v + 1. Calculate l(x).
2
Let v(y) be the second derivative of 5/6*y**3 - 1/2*y**2 + 0 + 2*y. What is v(3)?
14
Let b(x) = x**3 - x**2 - x - 5. Let j(h) = -h**2 + 8*h - 3. Let u be j(7). Suppose s - 14 = -2*w + 3*s, -8 = w + u*s. Suppose -v + w*v = 0. Determine b(v).
-5
Suppose 4*i - 5*w = -11 - 6, 3*w - 21 = -3*i. Let n(y) = 7*y**2 + y**3 + 11 - 9*y + 4*y**i - 2*y**2. Calculate n(-10).
1
Let y(w) be the third derivative of w**7/2520 - 7*w**6/720 - w**5/24 + w**4/8 + 24*w**2. Let v(p) be the second derivative of y(p). What is v(6)?
-11
Let q(l) be the third derivative of -l**6/60 - 3*l**5/20 + l**3/6 + 372*l**2. Determine q(-4).
-15
Let i(y) be the first derivative of -y**4/4 - 5*y**3/3 - 3*y**2/2 + 77. Let w(q) = -5*q**2 + 1. Let m be w(1). What is i(m)?
-4
Let u(f) = f - 3. Let x(h) = 2. Let w(p) = 2*u(p) + 4*x(p). Let t be (-535)/321*((-18)/5 - 0). What is w(t)?
14
Suppose -4*s - 5*b = -17 + 3, -5*b = -3*s - 7. Suppose 3*v = -8 - s. Let j(i) be the second derivative of -i**5/20 - i**4/3 + 46*i. Calculate j(v).
-9
Let b(h) = -h**2 - 3*h - 4. Suppose 2*m = 6 + 10. Suppose -3*p + m*p + 15 = 0. Give b(p).
-4
Let u(z) = -2*z + 9. Let m(k) = 192*k - 192*k - k**2 + 1 - 6*k**3. Let c be m(-1). Determine u(c).
-3
Let a = -620 - -620. Let x(q) = -q**3 + q**2 - 2*q + 6. Calculate x(a).
6
Let u(q) = 2*q + 19. Let z(w) = -w**3 - 4*w**2 + 24*w + 45. Let x be z(-2). Determine u(x).
-3
Let m(z) = z**2 + 0*z - 2*z + 0*z + 2. Let h be m(3). Let w(n) = -3 + 6 - n**2 + 5*n + 3 - 6 - 7. Determine w(h).
-7
Let g = -344 + 345. Let a(s) = -8*s**3 + 1. Determine a(g).
-7
Let l = -222 + 217. Let j(b) = -b**3 - 4*b**2 + 7*b + 1. Determine j(l).
-9
Let t(o) = 42*o + 51*o - 107*o - 17 + 2 - o**2. What is t(-13)?
-2
Let w(j) be the second derivative of -j**4/12 - j**3/3 + 5*j**2/2 + j. Let i be 5/(-2) + 0 + 12/8. Let k be i/((-39)/(-12) - 3). Calculate w(k).
-3
Let q(k) = 1 - 5 - 1 + 4 - 9*k + 2*k. Let p be -2*2*1/(-4). What is q(p)?
-8
Suppose -24*o - 20 = -22*o. Let q(h) = -h**3 - 10*h**2 - h - 14. What is q(o)?
-4
Let i = -1580 - -1579. Let y(o) = -38*o**2 - o - 1. Give y(i).
-38
Suppose -2*q + 2*f - 2 = -0*f, 1 = -3*q + 2*f. Suppose 5*b = 4*b - q. Let r(t) = 7*t - 1. Give r(b).
-8
Suppose y + 2 = -4. Let p be (y/(-3))/(2/4). Suppose p*u - 5*b = -2*b + 12, 0 = -3*u + 2*b + 9. Let m(r) = -r**2 + 3*r + 2. Calculate m(u).
2
Let q(v) = -2*v + 9. Suppose 0 = -4*w + 2*w + 2*p - 144, -4*w = -3*p + 284. Let h = -62 - w. Give q(h).
-3
Let s(q) = -q**2 - 5*q - 3. Suppose 3*p - 2*p - 3 = 0. Suppose 2*h - 2*r = 6*h - 10, 5*h - 7 = p*r. Let a be 2*-4 + h - -2. Determine s(a).
1
Suppose 24*f + 13*f + 444 = 0. Let a(c) = -c**2 - 12*c + 7. Calculate a(f).
7
Let o(w) be the first derivative of w**4/24 - 4*w**2 - 2. Let j(p) be the second derivative of o(p). Let r = -50 - -52. Give j(r).
2
Let i(h) = 109*h**2 - 4 + 101*h**2 + 106*h**2 - 318*h**2 - 4*h. Calculate i(-3).
-10
Let l(s) = s**3 - 5*s**2 + 6*s - 5. Suppose 3*j = -3*h + 33, -4*j - h = -5*h - 60. Suppose 3*i - 9 - 18 = 0. Let g = j - i. Give l(g).
3
Let s(k) be the third derivative of -k**6/120 - 7*k**5/60 - k**4/8 + 3*k**3 - 241*k**2. Determine s(-6).
0
Let t(y) = -y**2 + 3*y - y - y + 3. Let k(n) = -5*n**2 - 6*n - 4. Let x(a) = -4*a**2 - 5*a - 4. Let b(r) = -5*k(r) + 6*x(r). Let v be b(2). Give t(v).
3
Let r(i) = -2*i - 26. Let j(o) = o**2 - 6*o - 16. Let k be j(8). Calculate r(k).
-26
Let m(z) = -4*z + 0*z - 4*z + 4*z. Determine m(-2).
8
Let f(x) = -2*x - 1. Let z(d) = -9*d. Let k(u) = -2*f(u) + z(u). Suppose 7 = 3*l + 1. Calculate k(l).
-8
Let x = 146 + -143. Let w(p) = -4*p**2 + 3*p + 2. Give w(x).
-25
Suppose 10*d = -6*d - 32. Let c(h) = -3*h + 3*h + h + 2. Give c(d).
0
Suppose -73*x - 408 = -22*x. Let r(m) = m**3 + 8*m**2 + m + 19. Determine r(x).
11
Let b(z) = -21*z + 23. Let l(a) = 46*a - 47. Let v(h) = -13*b(h) - 6*l(h). Calculate v(-5).
-2
Let o(b) be the first derivative of b**2/2 + 2. Suppose 6*z - 2*z = 2*p - 6, z + 12 = 2*p. Suppose -3*c + 5 = -p. Give o(c).
4
Let h(y) be the second derivative of -2*y**3/3 - y**2/2 - 63*y - 2. Suppose 4 = -2*c + 2. Calculate h(c).
3
Let d(m) = -2*m + 4. Let i(n) = 58*n + 355. Let l be i(-6). Calculate d(l).
-10
Suppose -2*c + 3*b + 12 = 0, 2*c + 0*b = 4*b + 16. Suppose j - 4 = -3. Let i(f) = j - f - 5 + 7. Calculate i(c).
3
Let w be -1*(-15)/(-6)*30/(-25). Let z(n) = n**3 - n**2 - 2*n - 4. Calculate z(w).
8
Let l be -2*1 + -4 + 8. Suppose -4*f + 27 = 3*w, 2*f = 2*w + 2*w - 14. Suppose -p + l*p = w. Let i(t) = t**2 - 5*t + 5. Give i(p).
5
Let w(x) be the third derivative of x**5/60 - x**4/3 - 4*x**3/3 - x**2. Let v = 70 - 61. Determine w(v).
1
Let x(w) = 2*w**2 + 6*w. Let m be x(-4). Suppose m + 2 = -5*f. Let y(d) = -d**2 - 4*d - 3. What is y(f)?
1
Let x(y) be the first derivative of y**7/840 - y**6/36 - 11*y**5/120 - y**4/6 - 32*y**3/3 - 10. Let j(r) be the third derivative of x(r). Give j(11).
-4
Let p be (-6 + 5)*(-1 - -4). Let i(c) be the first derivative of c**4/4 + 4*c**3/3 + c**2 + 2*c - 4. What is i(p)?
5
Let r(k) be the first derivative of -k**6/360 - k**5/40 - k**4/12 - 10*k**3/3 - 4. Let l(x) be the third derivative of r(x). Calculate l(-2).
0
Let y = 21 + -1. Suppose 7*f + y = 2*f. Let k(a) = -a - 8. Give k(f).
-4
Let z(f) be the first derivative of 16 + 1/2*f**2 - 2*f. Let l be ((-1)/4)/(2/(-8)). Calculate z(l).
-1
Suppose -2*h + 10 = -6. Let w(b) = 5*b + 9 + b - 408*b**2 + 407*b**2. Determine w(h).
-7
Let d(b) be the first derivative of -1/2*b**2 + 27 - 9*b - 1/3*b**3. What is d(0)?
-9
Let f(c) = 4*c**3 - 6*c**2 + 6*c - 9. Let l(w) = -3*w**3 + 7*w**2 - 7*w + 9. Let d(z) = -4*f(z) - 5*l(z). Give d(-12).
3
Let r be 1*((-575)/15 + (-2)/3). Let f = -43 - r. Let a(b) = -b**3 - 3*b**2 + 2*b - 5. Give a(f).
3
Let g = -122 - -118. Let b(f) = 3*f - 2. Give b(g).
-14
Let d(j) be the first derivative of j**2 + 14*j + 183. Calculate d(-8).
-2
Let c(g) = -g. Let f(l) = 37 - 62 + 29 - 9*l. Let j(y) = 4*c(y) - f(y). Give j(